{"id":194,"date":"2013-08-08T11:04:28","date_gmt":"2013-08-08T11:04:28","guid":{"rendered":"http:\/\/musica.colegiovirgendeeuropa.com\/escuelamusica\/?page_id=194"},"modified":"2024-10-02T08:42:29","modified_gmt":"2024-10-02T08:42:29","slug":"inscripciones-y-horario","status":"publish","type":"page","link":"https:\/\/musica.cve.edu.es\/escuelademusica\/inscripciones-y-horario\/","title":{"rendered":"Informaci\u00f3n Escuela de M\u00fasica"},"content":{"rendered":"<h3 style=\"text-align: center; margin-top: 40px;\">Informaci\u00f3n Escuela de M\u00fasica &#8211; Curso 2024\/2025<\/h3>\n<div style=\"width: 100%; margin-top: 30px;\">\n<div style=\"width: 33%; text-align: center; float: left;\"><a href=\"https:\/\/cve.edu.es\/lnks\/HorarioExtraescolaresMusicaDanzayArtesEscenicasCVE.pdf\"><img decoding=\"async\" src=\"https:\/\/musica.cve.edu.es\/escuelademusica\/wp-content\/uploads\/2019\/05\/pdf.png\" \/><br \/>\nHorarios y Cat\u00e1logo<br \/>\nActividades <\/a><\/div>\n<div style=\"width: 33%; text-align: center; float: left;\"><a href=\"https:\/\/cve.edu.es\/lnks\/NormasdematriculacionExtraescolaresCVE.pdf\"><img decoding=\"async\" src=\"https:\/\/musica.cve.edu.es\/escuelademusica\/wp-content\/uploads\/2019\/05\/pdf.png\" \/><br \/>\nNormas<br \/>\nMatriculaci\u00f3n<\/a><\/div>\n<div style=\"width: 33%; text-align: center; float: left;\"><a href=\"https:\/\/cve.edu.es\/lnks\/FICHA-INSCRIPCION-ACTIVIDADES-EXTRAESCOLARES-ALUMNOS-EXTERNOS.pdf\"><img decoding=\"async\" src=\"https:\/\/musica.cve.edu.es\/escuelademusica\/wp-content\/uploads\/2019\/05\/pdf.png\" \/><br \/>\nFicha Inscripci\u00f3n<br \/>\nAlumnos Externos<\/a><\/div>\n<div style=\"clear: both;\">\n<p style=\"text-align: center; padding-top: 30px;\"><strong><a href=\"https:\/\/docs.google.com\/forms\/d\/1EHSpLc0RrpyOcm--91-FTqqXb5PKjZSABWFu4JXCdPA\/viewform?ts=57f7b3de&amp;edit_requested=true\" rel=\"attachment wp-att-1052\">Formulario de Inscripci\u00f3n On-Line<\/a><\/strong><\/p>\n<\/div>\n<\/div>\n","protected":false},"excerpt":{"rendered":"<p>Informaci\u00f3n Escuela de M\u00fasica &#8211; Curso 2024\/2025 Horarios y Cat\u00e1logo Actividades Normas Matriculaci\u00f3n Ficha Inscripci\u00f3n Alumnos Externos Formulario de Inscripci\u00f3n On-Line<\/p>\n","protected":false},"author":2,"featured_media":0,"parent":0,"menu_order":0,"comment_status":"closed","ping_status":"closed","template":"fullwidth.php","meta":[],"_links":{"self":[{"href":"https:\/\/musica.cve.edu.es\/escuelademusica\/wp-json\/wp\/v2\/pages\/194"}],"collection":[{"href":"https:\/\/musica.cve.edu.es\/escuelademusica\/wp-json\/wp\/v2\/pages"}],"about":[{"href":"https:\/\/musica.cve.edu.es\/escuelademusica\/wp-json\/wp\/v2\/types\/page"}],"author":[{"embeddable":true,"href":"https:\/\/musica.cve.edu.es\/escuelademusica\/wp-json\/wp\/v2\/users\/2"}],"replies":[{"embeddable":true,"href":"https:\/\/musica.cve.edu.es\/escuelademusica\/wp-json\/wp\/v2\/comments?post=194"}],"version-history":[{"count":50,"href":"https:\/\/musica.cve.edu.es\/escuelademusica\/wp-json\/wp\/v2\/pages\/194\/revisions"}],"predecessor-version":[{"id":1494,"href":"https:\/\/musica.cve.edu.es\/escuelademusica\/wp-json\/wp\/v2\/pages\/194\/revisions\/1494"}],"wp:attachment":[{"href":"https:\/\/musica.cve.edu.es\/escuelademusica\/wp-json\/wp\/v2\/media?parent=194"}],"curies":[{"name":"wp","href":"https:\/\/api.w.org\/{rel}","templated":true}]}}